*v - v + d. Suppose -3*l = -3*t + 15, t - 6*t - l = -55. Calculate the greatest common divisor of t and v.
2
Suppose 0*y + 4*y - 2*r = -10, -10 = 2*y + 4*r. Let g be y + 24*1 + 1. Calculate the highest common factor of 176 and g.
22
Suppose -576*l + 566*l = -4320. What is the greatest common divisor of l and 240?
48
Suppose -495 = -d + h, -13*d + 1956 = -9*d + 4*h. What is the greatest common divisor of 12 and d?
12
Let j = 187 + -102. Suppose 4*m - 2*o = 2*m + 58, -o + 175 = 5*m. What is the highest common divisor of m and j?
17
Let j(t) = -t**2 + 7*t - 14. Let k be j(4). Let d be 0/(4 + -3 + 1). Let a be d/(-2) + (-102)/k. What is the greatest common factor of a and 34?
17
Let d(h) = h + 264. Let k be d(-8). Calculate the greatest common divisor of k and 56.
8
Let o(y) = -y**3 + 18*y**2 + 2*y - 24. Let p be o(18). Calculate the greatest common divisor of 228 and p.
12
Let y be 143/52*(-12)/(-3). What is the greatest common divisor of y and 1133?
11
Let k = 92 + -91. Let x be ((-374)/(-33))/(0 + k/15). Calculate the greatest common factor of 34 and x.
34
Suppose 12*j - 23 = 11*j - 4*p, 0 = -2*p - 4. Calculate the greatest common factor of j and 31.
31
Suppose -5*i + 27 = -98. Calculate the highest common divisor of i and 2025.
25
Let j be 15/4*1232/21. Suppose 3*r + j = 5*r. What is the greatest common factor of 44 and r?
22
Let v be 48/456 + 1326/38. What is the highest common factor of v and 21?
7
Let b(j) = 5*j + 6*j - 3*j**2 + 3 + 4*j**2 - 3*j. Let y be b(7). Suppose 0 = 6*g - g - 60. What is the greatest common divisor of g and y?
12
Let s(g) = g**3 + 16*g - 1 + 17*g**2 - 4 - 4. Let h be s(-16). Let r be (2/(-1))/(h/36). Calculate the greatest common factor of 64 and r.
8
Let j be 18/(-30) + 5238/5. Let u be 8/(-44) - j/(-11). Calculate the highest common factor of 19 and u.
19
Let f(w) = 3*w - 31. Let s be f(-6). Let r = s - -60. What is the highest common factor of 11 and r?
11
Suppose 4*l = -3*x + 4 + 61, -2*x + 5*l = -74. Calculate the greatest common divisor of x and 27.
27
Let z be (-4)/14 - (-447)/21. Let k = 37 - z. Suppose -3*t + 22 = 5*s, 6*s - 5*s - 2 = 0. What is the highest common factor of k and t?
4
Let f be 17 + -16 + 43 + -1. Let h = 127 - f. What is the highest common divisor of h and 12?
12
Let d be (12/(-1))/((-6)/4). Let u(a) = -a + 12. Let c be u(d). Suppose m = 5*m + 5*q - 79, -3*m - 4*q + 60 = 0. What is the highest common divisor of m and c?
4
Let d(r) = r**3 - 9*r**2 - r + 13. Let h be d(9). Let s be (-114)/(-4)*h/6. Let o = 120 - 82. What is the highest common factor of o and s?
19
Suppose 1 = g - 0. Let k(q) = 5*q**2 - 1. Let u be k(g). Let s be 3 + -6 + 5 + u. What is the greatest common divisor of s and 42?
6
Let u be (-59)/(-2) + (-1)/2. Let g(s) = -s**2 - 17*s - 10. Let t be g(-16). Suppose -t*l + 164 = -706. What is the highest common factor of u and l?
29
Suppose 0 = r - 4*s + 92, 219 = -3*r - 2*s - 15. Let j = r - -150. What is the greatest common factor of 175 and j?
35
Let n(r) = 12*r + 125. Let f be n(8). What is the highest common divisor of f and 51?
17
Suppose 44*s + 48 = 52*s. What is the greatest common divisor of s and 282?
6
Suppose v = -3*t + 6, v - 5*v = -2*t + 18. Suppose 0*w = w - t. Suppose o + 32 = 4*k + 3*o, -4*o + 34 = w*k. What is the highest common factor of k and 15?
3
Suppose -y + 1535 = 3*x, x + 5*y = -x + 1019. Suppose -2*t + x = 2*t. Suppose 0 = 4*u - t + 16. Calculate the greatest common divisor of 14 and u.
14
Let n = 312 - 200. Suppose -3*a = -6*a. Suppose r - 14 = -a*r. What is the greatest common factor of n and r?
14
Let c(f) = f**3 - 3*f**2 - 40*f - 15. Let a be c(11). What is the greatest common divisor of 27 and a?
27
Let v(l) = l**2 - 8*l + 7. Let g be v(6). Let s be 0 + -1 + (-215)/g. Let h be ((-6)/(-5))/(3160/525 + -6). Calculate the greatest common factor of h and s.
21
Let y be ((-2560)/112)/((8/(-14))/4). What is the highest common factor of 90 and y?
10
Suppose -43*r + 55*r - 108 = 0. What is the highest common factor of r and 909?
9
Let k(m) = 33*m**3 - m**2 + 7*m - 8. Let r be k(2). Calculate the highest common divisor of 70 and r.
14
Let m = 34 + 2. Let z = 60 - m. Calculate the highest common divisor of 192 and z.
24
Let d be 120/27 - 20/45. Let g = 7 + 13. Calculate the greatest common factor of d and g.
4
Let a(d) be the first derivative of 2*d**3/3 + 5*d**2/2 - 12*d + 6. Let c be a(-9). Calculate the greatest common factor of 21 and c.
21
Suppose r - 5 = 0, -b + 5*b = 5*r - 605. Let g = -49 - 0. Let a = g - b. Calculate the greatest common factor of a and 12.
12
Let v(n) = n**3 - 7*n**2 + 3*n - 8. Let m be v(5). Let r = 58 + m. Calculate the highest common divisor of r and 165.
15
Let z = 924 - 870. What is the greatest common factor of 10 and z?
2
Let c be 45/12 + (-3)/(-12). Suppose -11*h + 16*h - 2*u - 40 = 0, -2*u - 32 = -4*h. What is the highest common factor of h and c?
4
Suppose -4*m + 11 = -1. Let d = 132 + -111. What is the greatest common divisor of d and m?
3
Suppose 11*o - 13*o + 1920 = 0. Suppose 31*f = 11*f + o. Let v = -4 - -16. Calculate the greatest common divisor of f and v.
12
Let p be -6 - 11/(33/(-1074)). What is the highest common divisor of 11 and p?
11
Let y(h) = 14*h. Suppose -2*k = -g + 6, 0 = g - 5*k - 9. Let x be y(g). Suppose -m = 3*m - x. What is the highest common factor of 2 and m?
2
Suppose -2*p - 625 = -3*m, m + 1634 = -4*p + 377. Let v be (p + -1)*(-12)/15*1. Calculate the highest common factor of v and 28.
28
Let g = 467 - 455. What is the greatest common factor of g and 30?
6
Let t = -179 + 57. Let q = t - -136. What is the greatest common divisor of 4 and q?
2
Suppose 3*a - 762 = 2*k, 346 = 2*a - 3*k - 157. What is the highest common factor of a and 16?
16
Suppose -2*k = -6, x - 4*k + 10 + 0 = 0. Calculate the highest common factor of x and 8.
2
Let k(t) = -18*t**2 - 5*t. Let g be k(-3). Let b = 153 - g. Calculate the greatest common divisor of b and 30.
30
Let m(g) = 67*g - 6. Let t(w) = -w + 1. Let k be (-70)/22 + 8/44. Let c(u) = k*m(u) - 15*t(u). Let y be c(-1). What is the highest common factor of 21 and y?
21
Suppose -2*w + 24 = 5*p, 0*p + 4 = 2*p - 2*w. Let o(x) = 11*x - 5. Let i be o(p). What is the highest common factor of 39 and i?
39
Let y(z) = 3*z**2 + 33*z + 12. Let i be y(-12). What is the highest common divisor of i and 464?
16
Suppose -t + 2*t = 0. Suppose 2*l - 2 = 0, -4*o - 2*l + 0*l + 14 = t. Let k = o + 6. Calculate the greatest common factor of 72 and k.
9
Let v be 4 - 2 - (-6 + 4). Suppose -i = v*i + 90. Let n be 14/35 + i/(-5). Calculate the highest common divisor of n and 10.
2
Suppose 4*k - 7 - 17 = -3*m, -4*k - 4 = -4*m. Let s(h) = 8*h - 14. Let a be s(k). What is the highest common divisor of a and 25?
5
Let k be 8/32 + (-5884)/(-16). Calculate the greatest common factor of k and 46.
46
Let m be 15/(75/(-40)) - -27. Calculate the highest common factor of 171 and m.
19
Let v = 297 - 212. Suppose 0 = -5*h - i + 33 + 47, 2*h + 3*i = 19. What is the greatest common factor of h and v?
17
Let p be 3/((-2934)/327 + 9). Calculate the greatest common divisor of p and 1.
1
Suppose 32 = 5*b - 13. Let t be (3 + (-3)/b)*9. Calculate the greatest common divisor of 12 and t.
12
Let j = -280 + 292. What is the greatest common factor of 156 and j?
12
Suppose 9 - 54 = -3*p. Let s = 20 - p. Suppose 5*h - 21 = v, -9 = -5*h - s*v + 36. What is the highest common divisor of h and 10?
5
Suppose 4*o - 2*m = 8, m + 20 = 5*o - 4*m. Suppose -h + 6 + 9 = o. Suppose -2*f - 85 = -5*l - 14, -l + 19 = 2*f. What is the highest common divisor of l and h?
15
Suppose -15*w + 26 = -2*w. Suppose w*r = -47 + 125. What is the greatest common divisor of r and 104?
13
Suppose 2*g = -0*g + 80. Let h = g + -20. Calculate the highest common factor of 140 and h.
20
Suppose -3*r + 4*w = -696, 5*w - 464 = -2*r + w. What is the highest common factor of r and 87?
29
Let d = -1884 + 2034. Calculate the greatest common divisor of 90 and d.
30
Let p(x) = 3*x - 7. Let v be p(4). Suppose 3*j - 222 = 2*r, r - 126 = -v*j + 231. What is the greatest common factor of 9 and j?
9
Let i(y) = y**3 + 6*y**2 - 7*y + 5. Let k be i(-6). Suppose 5*b + 12 = k. What is the highest common divisor of 7 and b?
7
Suppose -3*g = d - 10, 0 = -5*d - 0*d + 4*g + 